{"id":9042,"date":"2019-04-10T13:55:41","date_gmt":"2019-04-10T16:55:41","guid":{"rendered":"http:\/\/www.pb.utfpr.edu.br\/geastro\/?page_id=9042"},"modified":"2022-10-25T15:10:24","modified_gmt":"2022-10-25T18:10:24","slug":"iii-astropb","status":"publish","type":"page","link":"https:\/\/www.pb.utfpr.edu.br\/geastro\/?page_id=9042","title":{"rendered":"3\u00b0 ASTROPB"},"content":{"rendered":"<div class=\"wp-block-image\">\n<figure class=\"aligncenter is-resized\"><img fetchpriority=\"high\" decoding=\"async\" src=\"http:\/\/www.pb.utfpr.edu.br\/geastro\/wp-content\/uploads\/2019\/04\/af123919-d4fc-4417-be04-859d3123ed3b.jpg\" alt=\"\" class=\"wp-image-9044\" width=\"430\" height=\"231\"\/><\/figure><\/div>\n\n\n<p class=\"has-text-align-left\">O 3\u00ba ASTROPB \u00e9 realizado pela Universidade Tecnol\u00f3gica\nFederal do Paran\u00e1 (UTFPR) \u2013 C\u00e2mpus Pato Branco, atrav\u00e9s do Departamento de\nFis\u00edca (DAFIS) e do Grupo Estudos, pesquisa, extens\u00e3o e inova\u00e7\u00e3o em Astronomia\n(GEAstro) e vai oferecer diversas oficinas e atividades voltadas a capacita\u00e7\u00e3o\nde professores da rede p\u00fablica de Pato Branco para preparar seus alunos em suas\nrespectivas escolas para prova da Olimp\u00edada Brasileira de Astronomia (OBA).<\/p>\n\n\n\n<p>O evento ser\u00e1 realizado sexta feira (12\/04) na UTFRPR-PB, com in\u00edcio marcado para as 8:00 horas e t\u00e9rmino previsto para as 21:00, contando com diversas oficinas e atividades durante o dia, a programa\u00e7\u00e3o completa das oficinas pode ser encontrada aqui.<\/p>\n","protected":false},"excerpt":{"rendered":"<p>O 3\u00ba ASTROPB \u00e9 realizado pela Universidade Tecnol\u00f3gica Federal do Paran\u00e1 (UTFPR) \u2013 C\u00e2mpus Pato Branco, atrav\u00e9s do Departamento de Fis\u00edca (DAFIS) e do Grupo Estudos, pesquisa, extens\u00e3o e inova\u00e7\u00e3o em Astronomia (GEAstro) e vai oferecer diversas oficinas e atividades voltadas a capacita\u00e7\u00e3o de professores da rede p\u00fablica de Pato Branco para preparar seus alunos em suas respectivas escolas para prova da Olimp\u00edada Brasileira de Astronomia (OBA). O evento ser\u00e1 realizado sexta feira (12\/04) na UTFRPR-PB, com in\u00edcio marcado para as 8:00 horas e t\u00e9rmino previsto para as 21:00, contando com diversas oficinas e atividades durante o dia, a programa\u00e7\u00e3o completa das oficinas pode ser encontrada aqui.<\/p>\n","protected":false},"author":1,"featured_media":0,"parent":492,"menu_order":0,"comment_status":"closed","ping_status":"closed","template":"","meta":{"sfsi_plus_gutenberg_text_before_share":"","sfsi_plus_gutenberg_show_text_before_share":"","sfsi_plus_gutenberg_icon_type":"","sfsi_plus_gutenberg_icon_alignemt":"","sfsi_plus_gutenburg_max_per_row":"","footnotes":""},"coauthors":[],"class_list":["post-9042","page","type-page","status-publish","hentry"],"yoast_head":"<!-- This site is optimized with the Yoast SEO plugin v22.8 - https:\/\/yoast.com\/wordpress\/plugins\/seo\/ -->\n<title>3\u00b0 ASTROPB - GEAstro<\/title>\n<meta name=\"robots\" content=\"index, follow, max-snippet:-1, max-image-preview:large, max-video-preview:-1\" \/>\n<link rel=\"canonical\" href=\"https:\/\/www.pb.utfpr.edu.br\/geastro\/?page_id=9042\" \/>\n<meta property=\"og:locale\" content=\"pt_BR\" \/>\n<meta property=\"og:type\" content=\"article\" \/>\n<meta property=\"og:title\" content=\"3\u00b0 ASTROPB - GEAstro\" \/>\n<meta property=\"og:description\" content=\"O 3\u00ba ASTROPB \u00e9 realizado pela Universidade Tecnol\u00f3gica Federal do Paran\u00e1 (UTFPR) \u2013 C\u00e2mpus Pato Branco, atrav\u00e9s do Departamento de Fis\u00edca (DAFIS) e do Grupo Estudos, pesquisa, extens\u00e3o e inova\u00e7\u00e3o em Astronomia (GEAstro) e vai oferecer diversas oficinas e atividades voltadas a capacita\u00e7\u00e3o de professores da rede p\u00fablica de Pato Branco para preparar seus alunos em suas respectivas escolas para prova da Olimp\u00edada Brasileira de Astronomia (OBA). O evento ser\u00e1 realizado sexta feira (12\/04) na UTFRPR-PB, com in\u00edcio marcado para as 8:00 horas e t\u00e9rmino previsto para as 21:00, contando com diversas oficinas e atividades durante o dia, a programa\u00e7\u00e3o completa das oficinas pode ser encontrada aqui.\" \/>\n<meta property=\"og:url\" content=\"https:\/\/www.pb.utfpr.edu.br\/geastro\/?page_id=9042\" \/>\n<meta property=\"og:site_name\" content=\"GEAstro\" \/>\n<meta property=\"article:modified_time\" content=\"2022-10-25T18:10:24+00:00\" \/>\n<meta property=\"og:image\" content=\"http:\/\/www.pb.utfpr.edu.br\/geastro\/wp-content\/uploads\/2019\/04\/af123919-d4fc-4417-be04-859d3123ed3b.jpg\" \/>\n<meta name=\"twitter:card\" content=\"summary_large_image\" \/>\n<meta name=\"twitter:label1\" content=\"Est. tempo de leitura\" \/>\n\t<meta name=\"twitter:data1\" content=\"1 minuto\" \/>\n\t<meta name=\"twitter:label2\" content=\"Written by\" \/>\n\t<meta name=\"twitter:data2\" content=\"GEAstro\" \/>\n<script type=\"application\/ld+json\" class=\"yoast-schema-graph\">{\"@context\":\"https:\/\/schema.org\",\"@graph\":[{\"@type\":\"WebPage\",\"@id\":\"https:\/\/www.pb.utfpr.edu.br\/geastro\/?page_id=9042\",\"url\":\"https:\/\/www.pb.utfpr.edu.br\/geastro\/?page_id=9042\",\"name\":\"3\u00b0 ASTROPB - GEAstro\",\"isPartOf\":{\"@id\":\"https:\/\/www.pb.utfpr.edu.br\/geastro\/#website\"},\"primaryImageOfPage\":{\"@id\":\"https:\/\/www.pb.utfpr.edu.br\/geastro\/?page_id=9042#primaryimage\"},\"image\":{\"@id\":\"https:\/\/www.pb.utfpr.edu.br\/geastro\/?page_id=9042#primaryimage\"},\"thumbnailUrl\":\"http:\/\/www.pb.utfpr.edu.br\/geastro\/wp-content\/uploads\/2019\/04\/af123919-d4fc-4417-be04-859d3123ed3b.jpg\",\"datePublished\":\"2019-04-10T16:55:41+00:00\",\"dateModified\":\"2022-10-25T18:10:24+00:00\",\"breadcrumb\":{\"@id\":\"https:\/\/www.pb.utfpr.edu.br\/geastro\/?page_id=9042#breadcrumb\"},\"inLanguage\":\"pt-BR\",\"potentialAction\":[{\"@type\":\"ReadAction\",\"target\":[\"https:\/\/www.pb.utfpr.edu.br\/geastro\/?page_id=9042\"]}]},{\"@type\":\"ImageObject\",\"inLanguage\":\"pt-BR\",\"@id\":\"https:\/\/www.pb.utfpr.edu.br\/geastro\/?page_id=9042#primaryimage\",\"url\":\"https:\/\/www.pb.utfpr.edu.br\/geastro\/wp-content\/uploads\/2019\/04\/af123919-d4fc-4417-be04-859d3123ed3b.jpg\",\"contentUrl\":\"https:\/\/www.pb.utfpr.edu.br\/geastro\/wp-content\/uploads\/2019\/04\/af123919-d4fc-4417-be04-859d3123ed3b.jpg\",\"width\":279,\"height\":150},{\"@type\":\"BreadcrumbList\",\"@id\":\"https:\/\/www.pb.utfpr.edu.br\/geastro\/?page_id=9042#breadcrumb\",\"itemListElement\":[{\"@type\":\"ListItem\",\"position\":1,\"name\":\"In\u00edcio\",\"item\":\"https:\/\/www.pb.utfpr.edu.br\/geastro\"},{\"@type\":\"ListItem\",\"position\":2,\"name\":\"Eventos\",\"item\":\"https:\/\/www.pb.utfpr.edu.br\/geastro\/?page_id=61\"},{\"@type\":\"ListItem\",\"position\":3,\"name\":\"AstroPB\",\"item\":\"https:\/\/www.pb.utfpr.edu.br\/geastro\/?page_id=492\"},{\"@type\":\"ListItem\",\"position\":4,\"name\":\"3\u00b0 ASTROPB\"}]},{\"@type\":\"WebSite\",\"@id\":\"https:\/\/www.pb.utfpr.edu.br\/geastro\/#website\",\"url\":\"https:\/\/www.pb.utfpr.edu.br\/geastro\/\",\"name\":\"GEAstro\",\"description\":\"Grupo de Estudos, pesquisa, extens\u00e3o e inova\u00e7\u00e3o em Astronomia\",\"potentialAction\":[{\"@type\":\"SearchAction\",\"target\":{\"@type\":\"EntryPoint\",\"urlTemplate\":\"https:\/\/www.pb.utfpr.edu.br\/geastro\/?s={search_term_string}\"},\"query-input\":\"required name=search_term_string\"}],\"inLanguage\":\"pt-BR\"}]}<\/script>\n<!-- \/ Yoast SEO plugin. -->","yoast_head_json":{"title":"3\u00b0 ASTROPB - GEAstro","robots":{"index":"index","follow":"follow","max-snippet":"max-snippet:-1","max-image-preview":"max-image-preview:large","max-video-preview":"max-video-preview:-1"},"canonical":"https:\/\/www.pb.utfpr.edu.br\/geastro\/?page_id=9042","og_locale":"pt_BR","og_type":"article","og_title":"3\u00b0 ASTROPB - GEAstro","og_description":"O 3\u00ba ASTROPB \u00e9 realizado pela Universidade Tecnol\u00f3gica Federal do Paran\u00e1 (UTFPR) \u2013 C\u00e2mpus Pato Branco, atrav\u00e9s do Departamento de Fis\u00edca (DAFIS) e do Grupo Estudos, pesquisa, extens\u00e3o e inova\u00e7\u00e3o em Astronomia (GEAstro) e vai oferecer diversas oficinas e atividades voltadas a capacita\u00e7\u00e3o de professores da rede p\u00fablica de Pato Branco para preparar seus alunos em suas respectivas escolas para prova da Olimp\u00edada Brasileira de Astronomia (OBA). O evento ser\u00e1 realizado sexta feira (12\/04) na UTFRPR-PB, com in\u00edcio marcado para as 8:00 horas e t\u00e9rmino previsto para as 21:00, contando com diversas oficinas e atividades durante o dia, a programa\u00e7\u00e3o completa das oficinas pode ser encontrada aqui.","og_url":"https:\/\/www.pb.utfpr.edu.br\/geastro\/?page_id=9042","og_site_name":"GEAstro","article_modified_time":"2022-10-25T18:10:24+00:00","og_image":[{"url":"http:\/\/www.pb.utfpr.edu.br\/geastro\/wp-content\/uploads\/2019\/04\/af123919-d4fc-4417-be04-859d3123ed3b.jpg"}],"twitter_card":"summary_large_image","twitter_misc":{"Est. tempo de leitura":"1 minuto","Written by":"GEAstro"},"schema":{"@context":"https:\/\/schema.org","@graph":[{"@type":"WebPage","@id":"https:\/\/www.pb.utfpr.edu.br\/geastro\/?page_id=9042","url":"https:\/\/www.pb.utfpr.edu.br\/geastro\/?page_id=9042","name":"3\u00b0 ASTROPB - GEAstro","isPartOf":{"@id":"https:\/\/www.pb.utfpr.edu.br\/geastro\/#website"},"primaryImageOfPage":{"@id":"https:\/\/www.pb.utfpr.edu.br\/geastro\/?page_id=9042#primaryimage"},"image":{"@id":"https:\/\/www.pb.utfpr.edu.br\/geastro\/?page_id=9042#primaryimage"},"thumbnailUrl":"http:\/\/www.pb.utfpr.edu.br\/geastro\/wp-content\/uploads\/2019\/04\/af123919-d4fc-4417-be04-859d3123ed3b.jpg","datePublished":"2019-04-10T16:55:41+00:00","dateModified":"2022-10-25T18:10:24+00:00","breadcrumb":{"@id":"https:\/\/www.pb.utfpr.edu.br\/geastro\/?page_id=9042#breadcrumb"},"inLanguage":"pt-BR","potentialAction":[{"@type":"ReadAction","target":["https:\/\/www.pb.utfpr.edu.br\/geastro\/?page_id=9042"]}]},{"@type":"ImageObject","inLanguage":"pt-BR","@id":"https:\/\/www.pb.utfpr.edu.br\/geastro\/?page_id=9042#primaryimage","url":"https:\/\/www.pb.utfpr.edu.br\/geastro\/wp-content\/uploads\/2019\/04\/af123919-d4fc-4417-be04-859d3123ed3b.jpg","contentUrl":"https:\/\/www.pb.utfpr.edu.br\/geastro\/wp-content\/uploads\/2019\/04\/af123919-d4fc-4417-be04-859d3123ed3b.jpg","width":279,"height":150},{"@type":"BreadcrumbList","@id":"https:\/\/www.pb.utfpr.edu.br\/geastro\/?page_id=9042#breadcrumb","itemListElement":[{"@type":"ListItem","position":1,"name":"In\u00edcio","item":"https:\/\/www.pb.utfpr.edu.br\/geastro"},{"@type":"ListItem","position":2,"name":"Eventos","item":"https:\/\/www.pb.utfpr.edu.br\/geastro\/?page_id=61"},{"@type":"ListItem","position":3,"name":"AstroPB","item":"https:\/\/www.pb.utfpr.edu.br\/geastro\/?page_id=492"},{"@type":"ListItem","position":4,"name":"3\u00b0 ASTROPB"}]},{"@type":"WebSite","@id":"https:\/\/www.pb.utfpr.edu.br\/geastro\/#website","url":"https:\/\/www.pb.utfpr.edu.br\/geastro\/","name":"GEAstro","description":"Grupo de Estudos, pesquisa, extens\u00e3o e inova\u00e7\u00e3o em Astronomia","potentialAction":[{"@type":"SearchAction","target":{"@type":"EntryPoint","urlTemplate":"https:\/\/www.pb.utfpr.edu.br\/geastro\/?s={search_term_string}"},"query-input":"required name=search_term_string"}],"inLanguage":"pt-BR"}]}},"jetpack_sharing_enabled":true,"_links":{"self":[{"href":"https:\/\/www.pb.utfpr.edu.br\/geastro\/index.php?rest_route=\/wp\/v2\/pages\/9042"}],"collection":[{"href":"https:\/\/www.pb.utfpr.edu.br\/geastro\/index.php?rest_route=\/wp\/v2\/pages"}],"about":[{"href":"https:\/\/www.pb.utfpr.edu.br\/geastro\/index.php?rest_route=\/wp\/v2\/types\/page"}],"author":[{"embeddable":true,"href":"https:\/\/www.pb.utfpr.edu.br\/geastro\/index.php?rest_route=\/wp\/v2\/users\/1"}],"replies":[{"embeddable":true,"href":"https:\/\/www.pb.utfpr.edu.br\/geastro\/index.php?rest_route=%2Fwp%2Fv2%2Fcomments&post=9042"}],"version-history":[{"count":2,"href":"https:\/\/www.pb.utfpr.edu.br\/geastro\/index.php?rest_route=\/wp\/v2\/pages\/9042\/revisions"}],"predecessor-version":[{"id":12262,"href":"https:\/\/www.pb.utfpr.edu.br\/geastro\/index.php?rest_route=\/wp\/v2\/pages\/9042\/revisions\/12262"}],"up":[{"embeddable":true,"href":"https:\/\/www.pb.utfpr.edu.br\/geastro\/index.php?rest_route=\/wp\/v2\/pages\/492"}],"wp:attachment":[{"href":"https:\/\/www.pb.utfpr.edu.br\/geastro\/index.php?rest_route=%2Fwp%2Fv2%2Fmedia&parent=9042"}],"wp:term":[{"taxonomy":"author","embeddable":true,"href":"https:\/\/www.pb.utfpr.edu.br\/geastro\/index.php?rest_route=%2Fwp%2Fv2%2Fcoauthors&post=9042"}],"curies":[{"name":"wp","href":"https:\/\/api.w.org\/{rel}","templated":true}]}}